0*d + 5*d - 114. Suppose 0 = 3*k - t - 3. Calculate the greatest common divisor of k and 84.
12
Let c = 23 + -10. Suppose -10 = 4*q - 5*l, -5*q + l = 2 - 0. Suppose -3*m - 67 = -4*f, -2*f + 1 = 5*m - q. Calculate the highest common divisor of f and c.
13
Let r = 9 - -4. Calculate the greatest common factor of 13 and r.
13
Suppose -2*l = 5*s - 6*l + 12, 3 = -s + l. Suppose 6 = r - s. Let y(i) = 7*i - 2. Let v be y(r). What is the greatest common divisor of 8 and v?
8
Suppose 2*c - 43 + 1 = 0. Let i be 6/15 - (-176)/10. Suppose i = 5*u - 17. What is the greatest common factor of c and u?
7
Suppose v - 203 = -3*a, -3*v + 275 = 4*a - 6*v. Suppose g - 2 = 0, -5*t + 2*g = -a - 103. Let k = 5 - -9. What is the highest common divisor of t and k?
7
Let r = -307 - -539. What is the greatest common divisor of r and 29?
29
Let v = 33 + 11. Calculate the highest common divisor of v and 110.
22
Let o(m) = m**3 + 9*m**2 - 35*m + 15. Let d be o(-12). Calculate the greatest common factor of d and 9.
3
Let n(g) = -4*g. Let w be n(-6). Let d be 1/(-5) - (-363)/15. Calculate the highest common divisor of w and d.
24
Let d be 143 + 3 + -4 - (-1 + 3). Calculate the greatest common divisor of 28 and d.
28
Let z(m) = -m + 36. Let b be z(11). Calculate the highest common divisor of 175 and b.
25
Suppose -3*d = 2*d - 15. Suppose d*x = -2*x + 95. Calculate the greatest common factor of x and 95.
19
Suppose 3*h = -3*f - 0*h + 51, -2*f = -5*h - 69. Calculate the greatest common divisor of f and 33.
11
Suppose -22 = 3*f - 166. Calculate the highest common factor of f and 32.
16
Let f(z) = z**3 + 4*z**2 + 3*z + 1. Let u be f(-2). What is the highest common divisor of 24 and u?
3
Let a be 7/2*(-6)/(-3). Let r = 12 - a. Let l(c) = c**2 + 6*c + 5. Let q be l(-6). Calculate the highest common factor of r and q.
5
Let b(q) = -q**3 + 3*q. Let i be b(-3). Calculate the greatest common factor of i and 9.
9
Let x = -6 + 19. Suppose -4 = -p + 9. Calculate the greatest common factor of p and x.
13
Suppose 2*d - 39 - 37 = 0. What is the highest common divisor of 342 and d?
38
Let t be (72/(-14))/((-75)/350). Calculate the highest common divisor of 72 and t.
24
Suppose -4*a = -5*r - 43, -3*a - r - r = -61. Let g = a - 9. What is the greatest common divisor of g and 2?
2
Let g = 151 + -88. Let w = -8 - -17. Calculate the greatest common factor of w and g.
9
Let c(b) = -4*b**2 - 96*b + 12. Let k be c(-24). Suppose y = -2*y + 12. Suppose -y*j = 4 - 100. Calculate the highest common divisor of k and j.
12
Suppose 2*i + 4*x - 136 = 0, 3*x = 4*i + 2*x - 236. Suppose -w = -0*w. Suppose d = s + 3*s + 40, w = 5*s + 20. Calculate the greatest common divisor of i and d.
12
Suppose q = -2 + 3. Let n be q*((-8)/(-4))/2. Calculate the highest common factor of 9 and n.
1
Let i = -26 - -36. Let l(d) = 9*d**2 + 1. Let a be l(1). What is the highest common divisor of i and a?
10
Let a be 2/8*(23 - 15) - -19. Calculate the greatest common factor of a and 7.
7
Let q be 8/(2*(-1)/(-48)). Suppose 4*g - q = g. Calculate the highest common divisor of 8 and g.
8
Let x = -1 + 6. Suppose -10 = n - 3*n, -x*n - 10 = -h. What is the highest common factor of 7 and h?
7
Let u be 90/2 + (-4 - -3). What is the highest common factor of u and 110?
22
Suppose -4*c - 4*i + 56 = 0, -67 = -5*c + 2*i - 18. Let m = -8 + c. Let l = 2 + m. What is the highest common divisor of l and 20?
5
Let l(d) = 2*d**2 - 5*d + 9. Let v be l(5). Calculate the highest common divisor of v and 85.
17
Let y be 1*(3 + -2 - -6). Suppose 2*x - y = 4*d - 1, 3 = x + 4*d. What is the greatest common divisor of x and 3?
3
Let b(h) = -2*h. Let f be b(-4). Suppose 0 = 4*u - u - n - 36, -u + 3*n = -12. Calculate the highest common factor of u and f.
4
Let o(y) = -y**3 + y**2 + 8*y + 9. Let t be o(-6). Suppose -162 = -5*w + t. Let h = w + -12. Calculate the highest common divisor of h and 7.
7
Suppose -4*u = t - 10, 0*t - 5*t + 71 = -u. Let m be 1*t*9 - 3. Suppose 5*g = m + 262. Calculate the highest common divisor of 11 and g.
11
Let z(u) = -u - 4. Suppose -5*v = -4*o - o + 50, 0 = -2*v - 2*o - 36. Let r = v - -2. Let y be z(r). Calculate the highest common factor of y and 64.
8
Suppose -3*q + 2*q = w - 174, 3*w - q - 530 = 0. Calculate the highest common factor of 16 and w.
16
Suppose -3 = h - 8. Calculate the greatest common divisor of 45 and h.
5
Let b = 6 - -3. Suppose -4*h + v + 43 = 0, 2*h - 4*v - 27 = -b*v. What is the highest common factor of 99 and h?
11
Let m be 8/(-2)*15/(-4). Let h be (-6)/m - (-12)/5. Suppose 6*t = 3*t + 66. Calculate the greatest common divisor of t and h.
2
Let g(z) = z**2 - 6*z + 7. Let u be g(5). Suppose -c - u*c = 30. Let y be (2 + c)*2/(-4). What is the greatest common divisor of y and 8?
4
Let l be -15*((-4)/(-10))/(-1). Let h(x) = 4*x**2 - 3*x - 5. Let v be h(l). What is the highest common factor of 11 and v?
11
Let j = 3 - 1. Let w = 4 + 0. Suppose 14 = w*r + j. Calculate the highest common factor of 2 and r.
1
Suppose 2*b - 246 = -0*b. Suppose 120 = 3*m - b. Let y = -6 - -15. What is the highest common factor of m and y?
9
Let v(a) = 3*a**3 - 2*a**2 + 3*a - 5. Let f be v(2). Calculate the highest common factor of f and 153.
17
Suppose -70 = -8*h + 3*h. What is the highest common divisor of 112 and h?
14
Let u(p) = -8*p - 29. Let i be u(-16). What is the highest common divisor of i and 11?
11
Suppose 2*w - 336 = -5*l, -2*l + 5*l - 195 = w. Let r be (l/4)/(2/20). Calculate the highest common divisor of r and 15.
15
Let k be (25/2)/5*32. Let l be (-78)/(-4) - (-4)/8. Calculate the greatest common divisor of k and l.
20
Let r = 33 + -17. Suppose 3*n - 8 = 4. Calculate the greatest common factor of n and r.
4
Let r(m) = 12*m - 14. Let y be r(6). Let q be y/4 + 2/4. Suppose -3*l = -6*l + 2*z + 96, 105 = 4*l + 5*z. Calculate the highest common divisor of l and q.
15
Let d be (-90)/(-14) + 6*3/(-42). Let z = -6 + 8. Let a(l) = 12*l**2 - l + 2. Let u be a(z). Calculate the highest common divisor of d and u.
6
Let s = 32 - 30. What is the highest common divisor of 4 and s?
2
Suppose -6*y + 7 = 1. Calculate the greatest common factor of 5 and y.
1
Let l = 11 - -19. What is the highest common factor of 20 and l?
10
Let c = -5 - -9. Suppose -13 = -4*r + 7. Suppose 0 = -r*l + 39 + 61. What is the highest common divisor of c and l?
4
Suppose 0*t + 3*t + 2*c - 158 = 0, -c = -3*t + 146. Suppose -3*k = -8*k + t. Calculate the greatest common divisor of 50 and k.
10
Let f be (-3)/(-18) - (-5)/6. Let n(c) = -8*c**3 - c**2 - c - 1. Let k be n(-1). Calculate the greatest common factor of f and k.
1
Let c(m) = -m**2 + 5*m. Let a be c(3). Let v(t) = -t**2 + 6. Let q be v(0). Calculate the greatest common factor of q and a.
6
Let t = -11 - -6. Let j be (-954)/(-45) - (-1)/t. Calculate the highest common divisor of j and 7.
7
Let b = -196 - -308. Calculate the greatest common divisor of 14 and b.
14
Suppose 4*i - 3*v - 27 - 6 = 0, 5*i = -3*v + 21. Let l = 114 - 60. What is the greatest common divisor of l and i?
6
Let i = 44 - 10. Calculate the greatest common factor of 85 and i.
17
Let r = 153 + -43. Let t = -30 - -74. Calculate the highest common factor of t and r.
22
Suppose -3*s - 5*n = -15, -25 = -2*s - 3*s + 3*n. Suppose 141 = 3*a + 3*z, -2*z + 294 - 65 = 5*a. Calculate the greatest common divisor of a and s.
5
Let o be -5 + 8 - (-7)/1. What is the highest common factor of 110 and o?
10
Let r(o) = o**3 + 2*o**3 - 5*o - o**3 + 3*o**2 + 2*o. Let h be r(3). What is the greatest common factor of 9 and h?
9
Suppose -4*z - 4 = -2*n + 4, 2*n = -z - 2. Suppose 0*k - k + 17 = n. Calculate the greatest common divisor of 17 and k.
17
Let d(a) = 11*a + 15. Let x be d(6). Calculate the highest common divisor of x and 27.
27
Let p = 13 + -18. Let w be (-2)/3 - p/3. Suppose x = a - w - 3, -5*x = 0. What is the greatest common divisor of a and 12?
4
Let g be (4 - (-2)/(-2)) + (-24)/(-6). What is the highest common divisor of 35 and g?
7
Let a(i) = -i**3 - 12*i**2 + 13*i + 14. Let t be a(-13). Calculate the highest common divisor of t and 2.
2
Let x = 26 + -24. What is the greatest common factor of x and 1?
1
Suppose -2*a = a + 3, 3*c - 3*a = 96. What is the highest common divisor of 248 and c?
31
Let k be (16/(-6) - -2)*-18. Suppose 3*c + 408 = -c.